0 - 2)?
-3
14 + (-13 - (-10 + 5))
6
12 + (-10 - (9 + -12))
5
Calculate -3 + (-3 - 4 - -6) + 0.
-4
What is the value of -92 + 96 - (0 + 8)?
-4
What is the value of -4 + -11 - 2 - -10?
-7
What is 11 - ((7 - 1) + -4) - 4?
5
-2 + (-3 - (-3 - 2))
0
-5 - -16 - (-14 - -20)
5
-1 - (9 + (0 - 3))
-7
Evaluate 3 - ((-3 - 0) + 8).
-2
What is the value of -1 + (0 - (6 + -3)) + 1?
-3
What is the value of -12 + (7 + 1 + -6 - -3)?
-7
(-3 - -12) + (-3 - 3) + -3
0
4 - (9 + (-5 - -3))
-3
What is -1 - (11 - (1 - -6))?
-5
What is the value of (-2 - 1) + 63 + -61?
-1
Calculate 3 + -3 + 0 - 4.
-4
Evaluate (1 - -2) + -2 + -1.
0
2 + (-13 - -8) + 5
2
Calculate 0 + 2 + -4 + -5.
-7
What is the value of 0 - (-4 + (1 - -1) - 0)?
2
Evaluate -4 + (0 - 0) + (2 - -2).
0
What is the value of (-6 - (-2 - 4)) + -5?
-5
Evaluate 5 - ((1 - -3) + -3).
4
Calculate -7 - -7 - (-2 + -1 + 2).
1
Calculate (1 - -4) + (2 - 12).
-5
-1 + -1 - (0 + 0 + -5)
3
4 - (6 + (1 - 9))
6
Evaluate 1 + ((2 - -2) + -1 - -1).
5
What is the value of 4 + (-4 - -6) + -8?
-2
Evaluate -1 - -4 - 6 - (-8 - -2).
3
What is the value of -8 - -6 - (1 - 2)?
-1
Calculate (6 - 0) + -6 - 1.
-1
What is -12 + 6 - (0 + -10)?
4
Calculate 8 - 1 - (-4 - -6) - 0.
5
What is 1 - (-2 + -2 + (10 - 3))?
-2
-13 + (15 - 4 - 1)
-3
What is 0 + 0 - (9 + -13)?
4
What is the value of 4 + -6 + (3 - 8) + -1?
-8
Evaluate 0 - -7 - (5 + 1 + -3).
4
What is (-3 - -2) + (1 - -4) - -1?
5
What is the value of 0 + 3 - (-2 + 1 + 3)?
1
Calculate 9 + -11 + 11 + -9.
0
(167 - 162) + (-11 - (1 - 1))
-6
Calculate 8 - 2 - (6 + (-2 - -1)).
1
What is the value of (3 - 7) + (-2 - -7)?
1
1 + (4 - 1) + (2 - 1)
5
Calculate 2 - (-1 - (-6 + 4)).
1
What is 1 + -7 - (81 + -90)?
3
What is 2 + 1 + -1 + (3 - 3)?
2
Calculate 134 + -113 - (13 - -1).
7
Evaluate 1 + (5 + -5 - (3 - 3)).
1
Evaluate 4 + -9 + (4 - -9 - 2).
6
Evaluate -1 + -2 + (-3 - -8 - 2).
0
-2 + (1 - 5) - (4 - 13)
3
6 + (-6 - 3 - -5)
2
What is -11 + (-5 - ((-17 - -5) + 3))?
-7
Evaluate (-3 - -5) + -4 - 2.
-4
What is -1 - (-5 - (0 + 2 - 1))?
5
Evaluate -7 + 4 + 2 + 6.
5
What is 0 + -3 + (5 + -6 - -1)?
-3
What is 1 + -5 + 0 + 0?
-4
3 - (3 + (2 - 6))
4
What is the value of 4 + 1 + 1 + -7?
-1
Evaluate (4 - 5) + (-1 - -6) + 1.
5
Calculate (-13 + 2 - -9) + 1.
-1
What is 4 + -3 + 5 - 4?
2
Evaluate (-4 - -1) + 18 + -15 - -7.
7
What is 6 - (5 + -5 + 1)?
5
Calculate 6 + -8 + 0 + 3 + -3.
-2
What is -7 - (-13 - -3 - (-2 + -3))?
-2
-2 + (4 - (3 - 3 - 2))
4
Evaluate 1 - -1 - (2 + -2 - -7).
-5
Calculate (9 - 13) + -1 + 6.
1
-1 + -1 + (14 - (3 - -8))
1
What is -1 + (12 - (12 + -5))?
4
Evaluate -2 + (6 - (-6 + 10) - -4).
4
What is 3 + -6 + 5 + -2?
0
What is the value of -2 + 4 + -3 - 3 - -3?
-1
Calculate (3 - 1) + (-8 - (-6 - -1)).
-1
What is -7 - (-10 + (4 - 6)) - 12?
-7
What is the value of 7 - (-3 + 7 + 1 - 2)?
4
Calculate 15 + 1 - (24 + -14).
6
What is the value of -4 + -19 + 20 + (2 - 7)?
-8
What is the value of (-10 - -3) + 6 - (-8 - -2)?
5
What is the value of 3 - (-1 + 0 + 0)?
4
(-1 - -7) + -2 + -1
3
Calculate 107 + -105 - (5 + 0 - 0).
-3
Calculate 6 - (-7 - (3 - 5 - 2)).
9
What is the value of -1 - -1 - (5 - 5)?
0
12 + (-1 - 4) - (-6 + 8)
5
-3 + (3 - (-2 + 0))
2
What is -2 + (-4 + -1 + 2 - 0)?
-5
What is 2 - (6 - (-2 - -5))?
-1
What is the value of 1 + (-4 - -4) + 1?
2
What is 3 - 13 - (0 + -6)?
-4
What is the value of 6 + -16 - -5 - 0?
-5
What is -8 - (5 - 2 - 1)?
-10
What is (6 - 2) + -16 + 16?
4
Calculate -8 + 11 + 2 + -7.
-2
2 - 1 - (7 - 4)
-2
Evaluate (2 - 3) + (3 - 2) + 4.
4
What is 3 + 3 + 1 - (-8 - -23)?
-8
What is (176 - 177) + (0 - -9)?
8
What is the value of 1 - 8 - (-34 - -24)?
3
What is -1 + -4 - (26 - 28)?
-3
What is the value of -59 + 65 + (0 + 2 - 3)?
5
(-1 - 0) + (6 - 2)
3
What is the value of -6 + 8 + 1 + (3 - 1)?
5
Calculate -2 - (5 + -8 + -4) - 5.
0
What is the value of -2 + 3 + -9 + 11?
3
Calculate (11 + -7 - 6) + 5 + -2.
1
2 + -5 + 3 + -2 + 4
2
(1 - -2) + -11 + 11
3
Calculate 5 + (2 + 1 - 8).
0
Calculate 4 + (-18 - (-3 + -5)).
-6
Calculate -3 - (5 - (13 + -8 - -3)).
0
What is the value of 1 - -6 - (32 + -29)?
4
Evaluate (3 - 0) + -10 + (-2 - -11).
2
Calculate -16 - (-2 - (4 + 2)).
-8
Calculate 1 - (15 + -16) - 6.
-4
What is the value of -2 + 10 - (-8 + 9)?
7
What is the value of 13 + 3 + -12 + 1 + -7?
-2
What is the value of 1 - (1 + -5 + 5)?
0
What is the value of -1 + (1 - 1) + 17 + -13?
3
(0 - 5) + 13 - 7
1
What is 4 - 10 - (-4 - -2 - 11)?
7
What is the value of -12 + (22 - 7 - 7)?
-4
What is 18 + -16 - (-3 + 12)?
-7
Evaluate 2 + 3 + -1 + -5.
-1
What is -4 + (8 - 5) + -5?
-6
What is 38 + -21 + (-1 - 7) + 0?
9
What is the value of 7 + 6 + -11 + 1 + -1?
2
What is the value of 2 - 4 - 0 - (2 + 0)?
-4
Evaluate -5 + 10 + -5 + 0.
0
What is 6 + 2 + (-2 - 3) + 2?
5
What is 2 - (14 + -23 + 4)?
7
Evaluate -9 - (-5 + 4) - -11.
3
What is the value of -4 + 0 - ((14 - 7) + -9)?
-2
Calculate 77 - 83 - (0 + 0).
-6
10 - (9 - 15) - 9
7
What is the value of -5 - (-6 - (-13 + 4))?
-8
Evaluate 5 - (-4 + -1 + 9).
1
What is the value of -1 - (6 + 1) - -8?
0
Evaluate (6 - 5) + 5 - 5 - -1.
2
What is the value of 6 + -1 + -3 + -3?
-1
Evaluate -1 + 3 + (-4 - 1) + 7.
4
Calculate 4 + -6 + 0 + -1 + 0.
-3
Evaluate 8 + 1 + 2 + -6 + -2.
3
Evaluate -11 - -4 - (-22 - -13).
2
What is the value of -1 - 7 - (44 + -57)?
5
What is the value of -6 + (6 - -8) + -5?
3
What is the value of -1 - -5 - (4 + (5 - 3))?
-2
Evaluate 2 + (2 - (1 + (4 - 4))).
3
Evaluate 5 - (7 - 15 - -16).
-3
What is -7 - (-10 + -1 - 0)?
4
Evaluate (18 - 24) + (0 - -5).
-1
What is the value of 0 - (-1 + (1 - -3))?
-3
What is the value of (-3 - (-4 + 1) - 3) + 8?
5
Evaluate 3 + -1 + -4 + 1.
-1
Calculate -8 + (14 - 3) - 1.
2
Calculate 3 + -3 - (0 - -3).
-3
What is the value of 2 + -9 + 5 - -1?
-1
Evaluate 2 + -4 + (3 - 3) + 8.
6
What is 5 + -13 + (4 - (2 - 0))?
-6
0 - 4 - (-2 + -6)
4
Calculate -1 + (-1 - -5) + -4 - -4.
3
3 + (-7 - -3) + 1 + -2
-2
Evaluate -8 - (-10 - (-10 - -2)).
-6
What is 0 - 6 - -3 - -2 - -5?
4
What is (-2 - 1 - -2) + -1 + 4?
2
Calculate -2 + 9 + -10 + 3.
0
Evaluate (-14 - -19) + -3 + 2 + -4.
0
What is -1 + 0 + 2 + 2?
3
Calculate 2 + 1 - (-1 - (4 - 3)).
5
Calculate 9 - (-6 - ((-20 - -4) + 4)).
3
-1 + -13 + 0 + 1 + 6
-7
2 + -2 - -3 - -2
5
What is -4 - (3 + (-10 - -3) - -2)?
-2
Evaluate 16 - (7 - (9 - 9)).
9
What is (7 - 10) + (-2 - -3)?
-2
What is the value of 2 + -8 - (-2 - -6 - 2)?
-8
Calculate 11 + -20 + (2 - 1).
-8
(15 - (0 - -10)) + -8 + 1
-2
Calculate (-12 - 5) + 5 + 5.
-7
Calculate (2 - 1 - (1 - 4)) + -5.
-1
(-4 + 2 - -1) + (1 - -4)
4
2 - (-10 + 4 + 4)
4
What is 3 - (-4 + 3 - -2)?
2
Evaluate 1 + 0 - (36 - 15 - 15).
-5
What is the value of 0 - ((-4 - -4) + 1)?
-1
Evaluate (0 - -4) + -4 + -4.
-4
-10 + 19 - 9 - 7
-7
Calculate -2 - (-3 + 0) - (-90 + 94).
-3
What is -12 - -17 - (-1 + 11) - -8?
3
What is (-3 - (3 - 4)) + 5?
3
Calculate 11 - (6 + (-9 - -10)).
4
Evaluate -1 + -8 + (0 - -5).
-4
What is the value of (-2 - (1 + -8)) + (-5 - -4)?
4
What is the value of (-50 - -46) + (5 - (0 + 1))?
0
What is (30 - 19) + (-16 - 2)?
-7
Calculate -1 + -1 + (-4 - -10) + -11.
-7
What is (-7 + -3 - -5) + 9?
4
-21 - (-5 - 12) - (1 - 12)
7
What is -2 + 9 + -2 + (-39 - -35)?
1
Calculate 2 + 1 + -8 - (-6 + 2).
-1
6 + (-16 - -2) + -1 + 4
-5
(-39 - -33) + (1 - 2 - -2)
-5
What is the value of (10 - (0 - -5)) + -1?
4
What is -4 + 4 + -10 + (3 - -4)?
-3
Evaluate 1 + -1 - (-8 - (-11 + 8)).
5
Calculate (2 - 3 - -6) + -4 - -3.
4
Calculate -1 + (2 - (-4 + 4 + -2)).
3
What is (-5 + 2 - 1) + 5?
1
What is -3 - ((3 - 14) + 5)?
3
(-7 - -11 - 8) + 2
-2
What is the value of -2 - (-5 + (-5 - -5))?
3
Evaluate -3 - (-2 - (6 + -3)).
2
Calculate -1 + 5 + -75 + 71.
0
What is 4 + -2 - 0 - (1 + 5)?
-4
What is the value of 3 + (-5 - (3 + -8)) + 1?
4
Evaluate (5 + -4 + -3 - -10) + -4.
4
Evaluate 5 + (-2 - 3) - (2 + 0).
-2
What is (-4 - 3 - -12) + -20 + 7?
-8
What is the value of 0 + 1 + -1 + 1?
1
What is the value of 5 - (-8 - -6) - 6?
1
What is (3 + 1 - 2) + (0 - 0)?
2
Evaluate 4 + -4 + (-3 - 2) + 3.
-2
8 + -9 - (-2 + -1)
2
Evaluate -1 + (-2 - 5 - -5).
-3
What is (6 - 8) + -4 + 2?
-4
Calculate (-3 - 0) + (-3 - -11).
5
Calculate 1 + 2 - -2 - (7 - 6).
4
What is the value of 2 - (3 - (-3 + 2))?
-2
What is -5 - (-1 + 3 - 6)?
-1
Evaluate 1 - 9 - -11 - (0 + 2).
1
Evaluate -2 + (-1 - -5) -